974 - 16020. Suppose q - 364 = 10*o. What are the prime factors of o?
3, 353
Let l = -111850 - -160287. List the prime factors of l.
48437
Let y(u) = 1774*u - 2289. What are the prime factors of y(22)?
36739
Let m = 12711 + -1536. What are the prime factors of m?
3, 5, 149
Suppose 4*i - t - 9 - 12 = 0, -5*t = 5*i + 5. Let f be i/(-12) + 13/3. Suppose -3*k + 0*c = c - 170, -2*c + 226 = f*k. List the prime factors of k.
3, 19
Suppose -k = 2*z, 2*k - 15 = -4*z + 3*z. Let t(a) = a**3 - 10*a**2 - a + 16. Let l be t(k). List the prime factors of l*(-10)/15 - -147.
11, 13
Let u = -7 + 4. Let i(x) = -x + 9*x - 12*x - 15*x + 9 - 11*x. What are the prime factors of i(u)?
3, 11
Let y(k) = -5*k**3 + 2*k**2 + 2*k - 6. Let n = 53 - 51. Let t be y(n). Let w = 45 + t. List the prime factors of w.
11
Suppose 4*o + 2*r = -r + 20, o = -r + 6. Suppose -2*i + 3*q + 594 = 0, o*q - 1503 = -5*i + 5*q. List the prime factors of i.
3, 101
Let b(v) = 68*v**2 - 69*v + 19. What are the prime factors of b(8)?
3, 19, 67
Suppose i = 18 - 14, -2*i = 5*p - 47333. What are the prime factors of p?
3, 5, 631
Suppose 3*y + 2*n = -535, -3*y - 5*n - 718 = y. Suppose -4*o + 2*p = -18, 7 = -p + 2. List the prime factors of o*(-4 - y/6).
3, 17
What are the prime factors of 17109/(((-11)/(-33))/(-2 + 3))?
3, 1901
Let h(c) = c**3 - 64*c**2 + 127*c + 744. What are the prime factors of h(63)?
2, 3, 199
Let g = 2544 + 8318. What are the prime factors of g?
2, 5431
Let t be (-24)/56 + (-24)/(-7). Suppose -t*f = -4 - 20. What are the prime factors of 2/2*2344/f?
293
Let d = -280 - -290. List the prime factors of ((-274)/d)/((-2)/30).
3, 137
Let v(j) = 49*j**2 - 4*j + 3. Let d be ((12/(-8))/(4/(-16)))/(-2). List the prime factors of v(d).
2, 3, 19
Let y(z) = -4*z**3 - 29*z**2 - 9*z - 39. Let x(i) = i**3 + i**2 - i + 1. Let r(j) = -3*x(j) - y(j). What are the prime factors of r(-25)?
19
Let t(r) = -4*r + 27. Let k be t(-12). Let u = 217 - k. What are the prime factors of (-5)/3 + u/6?
2, 11
Let s(a) = 47 - 21 - 191*a + 181*a. Let v(z) = -z**2 - 2*z - 1. Let c be v(3). List the prime factors of s(c).
2, 3, 31
Let a be (-457820)/198 - 2/(-18)*2. Let v = a + 3544. What are the prime factors of v?
2, 7, 11
List the prime factors of (-3136)/6*((-10699)/676 - (-2)/26).
2, 3, 7
Let t = 159 - 154. Suppose t*a - 2130 = -5*l, 0 = 4*a - l + 541 - 2255. What are the prime factors of a?
2, 107
Suppose 5*h + 36 = 2*h. Let t = -4 - h. Suppose 5*n - 780 = -3*l + t*l, l = -n + 148. List the prime factors of n.
2, 19
Let n = 56 + -52. Suppose -4*q + 276 = -0*u - u, 0 = -n*u. Let w = 197 - q. List the prime factors of w.
2
Let x(u) = 2*u**2 - 2*u + 11. Let g(q) be the second derivative of -q**3/3 + 20*q**2 - 13*q. Let m be g(24). List the prime factors of x(m).
5, 31
List the prime factors of -157*(-56)/42*(-1 - 847/(-4)).
157, 281
Let w be (28 - (1 - -6))/3. What are the prime factors of (17/w - 2) + 113862/147?
5, 31
Suppose -o = -3*k + 13, 5*o + 2*k + 4 = -10. Suppose 9*b - 160 = -11*b. What are the prime factors of 14/(-4)*b/o?
7
Let c(n) = -10*n**2 - 3818 + 11*n + 3841 + 24*n - 8*n**2 + n**3. What are the prime factors of c(19)?
1049
Let n(s) = -49*s + 1. Suppose m + 3 = 3*y + 17, y - 5*m - 14 = 0. List the prime factors of n(y).
5, 59
Let a(x) = 2*x**2 + x + 5. Let b(v) = -v**2 - 5. Let c(r) = -2*a(r) - 3*b(r). Let h = -12 - -12. What are the prime factors of c(h)?
5
Let r(w) = 5*w + 668. Let x be r(0). Suppose -x = -2*g + 98. List the prime factors of g.
383
Let g = 18 + -93. What are the prime factors of (-472)/(-6)*(g/10)/(-5)?
2, 59
Let l(r) = r**3 - 6*r**2 - 2*r + 63. Let y be l(8). Let b = y - 27. What are the prime factors of b?
2, 37
Let n = 3 + 39. Let u be n + -5 + 0/(-2 + 3). Suppose -5*y = 2*b - 75, 4*b = y - 0*y - u. List the prime factors of y.
17
Let l(g) = -g**3 + 7*g**2 + 34*g - 15. Let u(i) = -2*i + 11. Let o be u(7). Let w = o + 13. What are the prime factors of l(w)?
5
Let w(k) = 3*k**2 - 13*k + 19. Let x be w(7). Let l = 151 - x. Let h = 157 - l. What are the prime factors of h?
3
Let d = 63 + -68. Let h = d - -8. Suppose 0 = -3*c - 15, 5*w - c - 325 = -h*c. What are the prime factors of w?
67
Suppose -5*t - 60*u + 56*u = -157725, 0 = 5*t - 2*u - 157725. What are the prime factors of t?
3, 5, 701
Let b = 34 - 35. Let n(q) = 330*q**2. What are the prime factors of n(b)?
2, 3, 5, 11
Suppose -3*g - g = -2*c - 16562, -3*g + 4*c = -12424. List the prime factors of g.
2, 3, 5, 23
Suppose 9 = -3*d, 0 = 3*k - 0*k + 4*d - 3003. Let p = k + -95. List the prime factors of p.
2, 5, 7, 13
Suppose 5224 = l + 381*r - 376*r, -3*l - 4*r = -15617. What are the prime factors of l?
3, 1733
Suppose -j - 7106 + 19693 = 2*p, -2*p - 4*j + 12590 = 0. List the prime factors of p.
7, 29, 31
Let u = 111828 - 34231. List the prime factors of u.
13, 47, 127
Suppose 13524 = 2*o + 2*i, 74*o - 5*i - 13538 = 72*o. What are the prime factors of o?
2, 19, 89
Let q be (20/12 - 1)*21. Suppose 648 = q*o - 11*o. What are the prime factors of o?
2, 3
Let w = 447 + -384. What are the prime factors of (w/(-180)*-15)/((-6)/(-1712))?
2, 7, 107
Suppose x - 119 + 115 = 0. Suppose -x*f + 4*m + 88 = 0, f + 0*m + 3*m = 10. Suppose -8998 + 3621 = -f*r. What are the prime factors of r?
283
Let r = 13655 - 7634. What are the prime factors of r?
3, 223
Suppose 19*q - 16*q - 24 = 0. Suppose 0 = -4*a + q*a - 1256. List the prime factors of a.
2, 157
Suppose t - 5 + 20 = -5*g, t = 4*g + 21. Suppose -43 = -t*h - 8. List the prime factors of 6708/91 - (-2)/h.
2, 37
Let w(g) be the second derivative of -g**3/2 + 8*g**2 + 29*g. Let o be w(4). Suppose 3*d = a + 80, 2*d + 3*a = o*a + 52. List the prime factors of d.
2, 7
Let i be (-2 + (-1)/(-1))*-83. Let o = i - -46. What are the prime factors of o?
3, 43
Suppose -4*v + 5*s + 25 + 11 = 0, -2*s - 8 = 0. Let z be 1/2 - (-14)/v. Suppose -2*y + 278 = -0*y + z*k, -4*y - 5*k + 544 = 0. What are the prime factors of y?
131
Suppose 5*s = 3*r - 41, r - 5*s = -3*r + 53. Let y be (r/24)/(1/8). Suppose -q + 2*q - 23 = -5*f, -q + 20 = y*f. List the prime factors of q.
2
Let c = -135628 - -220410. What are the prime factors of c?
2, 42391
Let k = -16170 + 34994. List the prime factors of k.
2, 13, 181
Let n = 113 - 200. Let g = 181 - n. Suppose -g = 3*w + i - 1005, w + 5*i - 269 = 0. What are the prime factors of w?
2, 61
Let w(b) = -149*b - 1309. What are the prime factors of w(-56)?
3, 5, 7, 67
Suppose -2*g = -5*y + 2, 2*y + 0*g = -2*g - 2. Suppose y*f = -3*f - f. Suppose f = 5*h - 616 + 6. What are the prime factors of h?
2, 61
Let x = 113 - 332. Let j = 380 - x. List the prime factors of j.
599
Let d = 25 - 22. Let h be -2*d/12*(1 + -17). List the prime factors of (h - 9) + 2*(41 + 2).
5, 17
Let t = 7324 + -4245. What are the prime factors of t?
3079
Let w be (-1 - (2 + 1)) + 19. Suppose 5*n - w = 50. List the prime factors of (27 + n)*(-2)/(-5).
2
Let p(c) = 12*c - 14. Let q(k) = 4 + 0 + 9*k - k**2 - 1 + 1. Let w be q(8). List the prime factors of p(w).
2, 5, 13
Let n be (-8)/(-12)*(-16 + 19). Suppose -3*g + m = -625, 3*g + n*m - 645 = -m. List the prime factors of g.
2, 3, 5, 7
List the prime factors of (-37480)/42*72/(-40) + 16/(-56).
2, 11, 73
Let k(v) = 12*v + 71. Let f be k(-7). Let t = f - -146. List the prime factors of t.
7, 19
Let y(x) be the first derivative of x**4/6 + x**3 + 2*x**2 + 6*x - 21. Let r(d) be the first derivative of y(d). List the prime factors of r(-4).
2, 3
Let y be (-3 + 1 + 3)*0. Suppose 7*d - 6*d - 3 = y. Suppose d*s - 77 = 76. What are the prime factors of s?
3, 17
Let y(r) = -2*r**2 + 79*r - 18. Suppose 3*z + 61 = 2*v, -9*v + 6*v + z = -88. List the prime factors of y(v).
3, 197
Suppose 9*j = -79 + 97. Suppose 0 = z + j*k - 674, -z - 3*k = -7*k - 686. What are the prime factors of z?
2, 3, 113
Let c = -48 - -84. Let i = 36 - c. Suppose i = -3*a - g + 212, 2*g - 356 = -5*a - g. List the prime factors of a.
2, 5, 7
Let p(g) = 43*g**2 - 3*g - 22. Let b(z) = -14*z**2 + z + 7. Let w(x) = 7*b(x) + 2*p(x). Let a be w(-3). Let f = a - -222. List the prime factors of f.
2, 29
Suppose 126577*s = 126590*s - 764192. List the prime factors of s.
2, 11, 167
Let i(k) = -38*k - 60. Suppose -h + 64 = 70. List the prime factors of i(h).
2, 3, 7
Suppose 13*v + 339 - 1574 = 0. Suppose 93*d